sor of 13 and k?
13
Suppose 6 = 2*v - 4. Let x(z) = 2*z - v + 2*z + 0 + z**2. Let m be x(-7). What is the highest common factor of 128 and m?
16
Suppose 3*w = 2*w - 2. Let y(j) = -11*j**3 - 2*j**2 + 6*j + 8. Let r be y(w). Calculate the greatest common divisor of 4 and r.
4
Let b = 377 + -351. Calculate the greatest common divisor of 1053 and b.
13
Suppose -5*f = -4*w + 101, w + 19*f = 18*f + 14. What is the highest common factor of 513 and w?
19
Let k(z) = z + 4. Let q be k(-2). Let v(r) = -2*r**2 - r + 2*r + 3*r**q + 4*r**2. Let x be v(2). What is the greatest common divisor of x and 33?
11
Let q be 6/(-15) + (1152/30 - 2). What is the highest common divisor of 288 and q?
36
Let d(v) = 3*v**2 - 60*v + 24. Let z be d(20). Calculate the greatest common divisor of 348 and z.
12
Let r = -579 - -583. What is the highest common divisor of r and 4?
4
Let q(o) = 4*o**3 - 3*o**2 + 2*o + 4. Let t be q(3). Let g be -1 + 44/3 - (-18)/(-27). What is the highest common factor of g and t?
13
Let b(n) = n**2 + 4*n - 9. Let s be b(3). Suppose -98 = -3*q - 2*x, -5*q + 2*x - x + 146 = 0. What is the greatest common divisor of s and q?
6
Let r(d) = 2*d**2 - 8*d - 2. Let j be r(6). Let y = -10 + j. Suppose 247*b - 736 = 1023 + 1205. Calculate the greatest common divisor of b and y.
12
Let r = -13 - -13. Suppose -4*z - h + 71 = -9, r = h - 4. Calculate the greatest common factor of 76 and z.
19
Let s = 11995 + -11959. Let p = 40 - 16. What is the greatest common divisor of p and s?
12
Let i = 27 + -25. Let t be 48 + 7 - (1 - i). Calculate the greatest common factor of 7 and t.
7
Let g = -51 - -59. Suppose -i - o = -22, -i + 4*o = g*o - 13. What is the greatest common divisor of i and 5?
5
Let m(t) = -t**3 + 6*t**2 - 3*t. Let r be m(4). Let u be 6/(-9) - r/(-3). Suppose u*h = h + 3*v + 170, 0 = -v. What is the greatest common divisor of 51 and h?
17
Let k(y) = 52*y - 553. Let p be k(11). Calculate the greatest common divisor of p and 2869.
19
Let i be (-2 + 0 - -4) + 2. Suppose -5*d = -i*u + 52 - 5, 3*d = u - 10. Suppose -n = m - 38, u - 57 = -m - 3*n. Calculate the highest common divisor of m and 5.
5
Suppose -49 - 1 = -2*m. Suppose -13*t = -7*t - 60. What is the highest common factor of t and m?
5
Let r(a) = 71*a**2 + 2*a - 1. Let v be r(1). Let d = 26 - -19. Suppose -w - 4*w + d = 0. What is the greatest common divisor of v and w?
9
Let j = 380 + -377. What is the greatest common factor of j and 39?
3
Let y be (-146)/(-10) - 24/(-60). Suppose 2 = x - 2*d - 13, 4*d - y = -3*x. Calculate the greatest common factor of 6 and x.
3
Let d = 578 - 245. What is the greatest common divisor of d and 37?
37
Let t = 37 + -119. Let s = -64 - t. Calculate the highest common factor of 6 and s.
6
Let j(h) = h**3 + h**2 - h + 1. Let n be j(0). Let r be (-30)/35*(105/10)/(-3). What is the greatest common divisor of r and n?
1
Suppose v - 27*h = -31*h + 660, 4*v - 3*h - 2583 = 0. What is the greatest common factor of v and 8?
8
Let t be -1 - (-4 + 2 - 1). Let f be t - ((-10)/(-5) + -1). Calculate the highest common factor of 1 and f.
1
Suppose -2*f - 2*d + 8 = -f, 0 = -5*f - 3*d + 26. Let a = f + 7. Suppose -5*c = -4*q + 127, 4*c + 0 = 4. Calculate the greatest common factor of q and a.
11
Let h(z) = -2*z**3 + 16*z**2 - 7*z - 13. Let p be h(7). Calculate the greatest common factor of p and 180.
36
Let k = 119 - 121. Let t = 15 + k. Let w(j) = 20*j - 3. Let b be w(6). What is the highest common factor of t and b?
13
Let o(s) = -2*s**2 - 16*s - 17. Let m be o(-7). Let q be 3 - m/(-3)*-85. What is the greatest common divisor of q and 8?
8
Let o be 4 - (0 - (36 + 0)). Let z(i) = -23*i - 53. Let n be z(-11). Calculate the highest common factor of n and o.
40
Let s = 22 - 0. Suppose -c - 8 = -s. What is the greatest common divisor of 70 and c?
14
Suppose -2*w = 3*w - 25. Suppose 0 = -4*l + w*y - 32, 3*l + 0 = -3*y + 3. Let a(r) = r + 6. Let k be a(l). Calculate the highest common divisor of k and 3.
3
Let y = 20 + -20. Suppose w - 24 + y = 0. What is the greatest common divisor of w and 3?
3
Let h(l) = 132*l - 145. Let c be h(21). What is the greatest common divisor of c and 37?
37
Suppose 0 = y + 4*y - 240. Let o(b) = b**3 - 4*b**2 + 3. Let i be o(4). Let f be 2*(30/25)/(i/40). What is the greatest common divisor of f and y?
16
Let y = 85 - 83. Let b be (-12)/(-3) + -2 + 1. What is the highest common factor of y and b?
1
Suppose 107*n - 20872 = 45896. Calculate the highest common divisor of n and 520.
104
Suppose 1 = m - 5*m - 5*r, 4*m - 9 = 5*r. Let t(s) = 15*s + 3. Let y be t(m). Let c(x) = x + 27. Let i be c(0). Calculate the greatest common factor of i and y.
9
Suppose 0 = -45*i + 5748 + 21792. What is the highest common divisor of i and 85?
17
Let y(u) = 55*u**3 - 1. Let w be y(1). Suppose 4 = i - 3. Suppose -i*g - 252 = -21*g. What is the highest common divisor of w and g?
18
Let u(g) = 4*g - 12. Let q be u(-5). Let k be q - (-2)/(-4)*0. Let p be (0/3 - k) + -2. What is the highest common divisor of p and 20?
10
Suppose -n = -5*q + 89, -3*q = -0*q - 4*n - 50. Suppose 23*w = q*w + 90. Calculate the highest common divisor of w and 12.
6
Suppose 3*w + 2*r - 7*r = -6, 3*r - 12 = -w. Suppose -3*d = -d - 5*u - 65, 0 = -3*d + w*u + 102. What is the highest common divisor of d and 10?
5
Let w(m) = -2*m**3 + 2*m + 2. Let c be w(-1). What is the highest common factor of 10 and c?
2
Let b(s) = -4*s + 7. Let r be b(-3). Let x = -4 + 5. Let y(d) = 208*d + 1. Let j be y(x). Calculate the greatest common divisor of r and j.
19
Let w = 147 + -43. Suppose 3*d - d - w = 0. Let k = d - 28. Calculate the highest common factor of k and 12.
12
Let w(d) = -2*d**3 - 8*d**2 - 8*d + 6. Let m be w(-5). Let f be (16/5)/(4/30). Calculate the greatest common divisor of f and m.
24
Suppose 199 = 4*g + 66*b - 67*b, 4*b - 204 = -4*g. What is the highest common factor of 10 and g?
10
Suppose -3*a = -3, 2*a + 7 = 4*k - 3. Let r be 0 + (-3)/(-9)*k. Let t = -5 + 6. What is the highest common divisor of t and r?
1
Let s(m) = m**2 + 12*m + 5. Let b be s(0). Let c be -4*((-1)/(-2))/(-1). Calculate the highest common divisor of c and b.
1
Let f(k) = k**2 + 8. Let j be f(0). Let y = -70 - -68. Let x be (-7 - ((-4 - y) + -1))*-8. Calculate the highest common divisor of j and x.
8
Let s = -204 - -229. What is the greatest common divisor of 925 and s?
25
Let q(t) = t**2 - 3*t - 20. Let n be q(7). Suppose 7*g = n*g - 15. What is the greatest common divisor of 6 and g?
3
Suppose -851*s = -853*s + 484. Calculate the highest common factor of 44 and s.
22
Let w = -67 - -43. Let t be (66 - -2) + w/8. Let d = t + -2. What is the greatest common factor of d and 7?
7
Let t(n) = n + 8. Let u be t(-6). Suppose 5*v - 4*r = 320, 4*v + u*r - 205 = 51. Calculate the highest common divisor of 16 and v.
16
Let y = 31 - 29. Suppose 3*b + 2 = -4*o, 0 = y*b - 4*b - 4*o - 8. Calculate the greatest common divisor of b and 6.
6
Let o(k) = -k**3 + 15*k**2 + 3*k - 74. Let u be o(14). What is the greatest common divisor of 41 and u?
41
Suppose -4*y + 15 = 7. Let q be 15/(-12)*(-10 + 2). Calculate the greatest common divisor of y and q.
2
Suppose -12*f - 350 = -806. Calculate the greatest common factor of f and 323.
19
Suppose -65*o + 103*o - 4446 = 0. Calculate the greatest common factor of o and 72.
9
Let x = 263 - 107. Let v be ((-3)/3)/((-13)/156). Calculate the greatest common divisor of x and v.
12
Let y = 72 - -27. Suppose 4*k - 61 = 5*i, 31 = 4*k - 72*i + 73*i. Calculate the highest common divisor of y and k.
9
Let u(f) = -f**2 - 47*f - 134. Let t be u(-35). Calculate the greatest common divisor of t and 13.
13
Suppose 0 = 3*w - 2*g + 4 - 6, 0 = -5*g - 5. Let k = w + 2. Suppose 0 = -k*v + v + 7. Calculate the greatest common divisor of v and 1.
1
Let l = 25 - 16. Let b(a) = 3*a - 22. Let g be b(l). Calculate the greatest common divisor of g and 1.
1
Let d(t) = -7*t - 1. Let f be d(-5). Suppose p + 4 = 0, 4*z - p - 32 = 4*p. Let h be 170/8*12/z. What is the highest common factor of h and f?
17
Suppose 20 = g + 3*g. Suppose -3*z - 2*z - p = -50, 25 = g*p. Suppose 0 = 4*c - 8, 4*c - 1 = -2*q + z. What is the highest common factor of q and 9?
1
Suppose -5*k + 5 + 0 = 0. Suppose -67 = -2*p - 2*c - 35, -3*c + 37 = 2*p. What is the greatest com